 base 4, what is 1111 - 0?
1111
In base 7, what is 1632 - 1?
1631
In base 4, what is 21303 + 1?
21310
In base 12, what is 28 + -ab?
-83
In base 3, what is 12 - -2122?
2211
In base 6, what is -144250 - -1?
-144245
In base 10, what is 1 - 194?
-193
In base 4, what is 22333 - 200?
22133
In base 10, what is -4 - 52?
-56
In base 8, what is -4 - 21?
-25
In base 3, what is 21 - -1011?
1102
In base 2, what is 100010 - -11?
100101
In base 6, what is -1 - 215?
-220
In base 4, what is 122000 + 0?
122000
In base 15, what is -1 + 18d?
18c
In base 11, what is -139 + -6?
-144
In base 3, what is -1 - 100012?
-100020
In base 9, what is -10218 - 5?
-10224
In base 4, what is 2 - 211?
-203
In base 15, what is -1c7 - -4?
-1c3
In base 3, what is -1022 + 2001?
202
In base 3, what is 2111 - 21?
2020
In base 6, what is -4 + -111?
-115
In base 15, what is 1274 + -4?
1270
In base 12, what is -a0 + 1?
-9b
In base 7, what is 26 - -4?
33
In base 3, what is -202112 - -1?
-202111
In base 16, what is 5 - -ae?
b3
In base 10, what is 2 - 172?
-170
In base 12, what is -1ab9 + -1?
-1aba
In base 9, what is 0 + 260?
260
In base 14, what is ca + 2?
cc
In base 6, what is -3 + -123?
-130
In base 9, what is 3 - -343?
346
In base 3, what is 222 - -22112?
100111
In base 11, what is -a - 349?
-358
In base 16, what is -2b + -39?
-64
In base 10, what is 63 + -2?
61
In base 6, what is 14 - 10?
4
In base 6, what is -55 + 1?
-54
In base 10, what is 5 + 85?
90
In base 14, what is 3 - c?
-9
In base 13, what is -18 - -2?
-16
In base 6, what is 515 + 3?
522
In base 7, what is -1034 + -13?
-1050
In base 6, what is 312 + -30?
242
In base 5, what is 43 - 4?
34
In base 5, what is 21443 + -1?
21442
In base 9, what is 23 + 85?
118
In base 12, what is -3 - 76?
-79
In base 14, what is -398 - -1?
-397
In base 16, what is -2c49 - -4?
-2c45
In base 7, what is -3 - 32?
-35
In base 6, what is 1 + 2202?
2203
In base 11, what is -534a + 4?
-5346
In base 6, what is 3 + -344?
-341
In base 14, what is -31 - -2?
-2d
In base 10, what is 15 + -276?
-261
In base 14, what is 4a64 - 3?
4a61
In base 5, what is -13 + 11?
-2
In base 10, what is -5 - -23?
18
In base 14, what is -1 - -2d5?
2d4
In base 10, what is -30 + -3?
-33
In base 11, what is 447 + -70?
387
In base 16, what is 41 + 8?
49
In base 9, what is -1238 + -2?
-1241
In base 6, what is -4 - 321?
-325
In base 7, what is 2 + 1301?
1303
In base 7, what is -12 - 626?
-641
In base 15, what is 9 - 1?
8
In base 10, what is 0 + -165?
-165
In base 12, what is -1 + -1a47?
-1a48
In base 4, what is 133 + -1103?
-310
In base 6, what is 3 - 2115?
-2112
In base 11, what is -3 + 120?
118
In base 9, what is 66 + -23?
43
In base 13, what is -20c + 4?
-208
In base 13, what is -22 - -40?
1b
In base 8, what is -1057 + 1?
-1056
In base 12, what is -5 - 4?
-9
In base 15, what is 5b + -1?
5a
In base 9, what is -3 + 400?
386
In base 5, what is 10124 + 1?
10130
In base 2, what is 11001 + -10000000?
-1100111
In base 16, what is -2 + -69?
-6b
In base 5, what is 4 + -4010?
-4001
In base 6, what is -20 + -21?
-41
In base 3, what is 2101210 + -2?
2101201
In base 9, what is -6420 + -5?
-6425
In base 13, what is -1572 + 5?
-156a
In base 2, what is -10001 + -101011?
-111100
In base 8, what is -5512 + -4?
-5516
In base 5, what is -10 - 403?
-413
In base 11, what is -4 - 94?
-98
In base 10, what is -10 + -46?
-56
In base 6, what is -231 + -45?
-320
In base 10, what is 12320 + 5?
12325
In base 14, what is 5 + 27?
2c
In base 7, what is -416 - 6?
-425
In base 4, what is 23 - 1?
22
In base 9, what is -48 + -3?
-52
In base 15, what is 3 - -351?
354
In base 4, what is -11030310 - -2?
-11030302
In base 10, what is 14 - 335?
-321
In base 6, what is -1 + 0?
-1
In base 12, what is 6 + 90?
96
In base 8, what is -13 - -27?
14
In base 7, what is 4130 + 2?
4132
In base 12, what is -15 + 18b?
176
In base 2, what is -1 + 1011110?
1011101
In base 9, what is -2 + -50?
-52
In base 2, what is -110000101 + 10?
-110000011
In base 10, what is 1 - 920?
-919
In base 7, what is 244 + 2?
246
In base 15, what is 13 + -1b?
-8
In base 8, what is -5 + 5704?
5677
In base 3, what is -12 - -10221?
10202
In base 15, what is 3 + 72?
75
In base 4, what is 10 - -3?
13
In base 2, what is -1 - -1111?
1110
In base 5, what is 201 + -10?
141
In base 16, what is -20 + -8?
-28
In base 13, what is -29 + 8?
-21
In base 9, what is -405 - -4?
-401
In base 16, what is -62 + -4?
-66
In base 15, what is 0 - -253?
253
In base 13, what is 3 + -430?
-42a
In base 4, what is 233 - -111?
1010
In base 6, what is 1 + -13323?
-13322
In base 3, what is 2002 - 110?
1122
In base 10, what is 17 + 2?
19
In base 15, what is 467 + 5?
46c
In base 11, what is -3 - 117?
-11a
In base 2, what is 1 - 1001?
-1000
In base 5, what is 13 + -40111?
-40043
In base 6, what is -2 + -25?
-31
In base 14, what is 5 + 10?
15
In base 3, what is 200101021 - 0?
200101021
In base 13, what is 43 - 3a?
6
In base 10, what is -32 + 3?
-29
In base 8, what is -1 + 506?
505
In base 15, what is -1 + -206d?
-206e
In base 11, what is -34 + -a1?
-125
In base 15, what is e8 - 2?
e6
In base 4, what is -2223 + 10?
-2213
In base 6, what is -3344 - 1?
-3345
In base 16, what is -9 + -8a8?
-8b1
In base 4, what is -12 + 13?
1
In base 16, what is -5 + 32?
2d
In base 10, what is -10 - 317?
-327
In base 8, what is 111 - 7?
102
In base 16, what is -109 - 0?
-109
In base 8, what is 6667 - -10?
6677
In base 4, what is -3 + 20230?
20221
In base 14, what is 15 - -3?
18
In base 10, what is 30 - 6?
24
In base 6, what is -10510 + 4?
-10502
In base 12, what is 0 + -1910?
-1910
In base 9, what is -226 - -86?
-130
In base 14, what is -2 + 15b?
159
In base 12, what is -2 - 42?
-44
In base 2, what is -10001 + -1000111100?
-1001001101
In base 13, what is c + -4a4?
-495
In base 13, what is 3 + -48b?
-488
In base 3, what is -100 - -121?
21
In base 8, what is -5 + -1274?
-1301
In base 7, what is -36 + -5?
-44
In base 16, what is -1f - 27?
-46
In base 8, what is -701 - -2?
-677
In base 13, what is 4c9 + 3?
4cc
In base 10, what is -13 + -9?
-22
In base 14, what is -6 - -a2b?
a25
In base 7, what is 26 + 3?
32
In base 15, what is -12 - -3a?
28
In base 9, what is 2 + 7233?
7235
In base 5, what is -1 - -3130?
3124
In base 4, what is -111 + 232?
121
In base 4, what is -13301 + 0?
-13301
In base 8, what is 1 - -647?
650
In base 5, what is -21300 + -4?
-21304
In base 9, what is -2 + -6?
-8
In base 7, what is 11104 + -3?
11101
In base 5, what is 2 - -244?
301
In base 3, what is -111 + 10?
-101
In base 7, what is -2010 - 6?
-2016
In base 11, what is 457 + -10?
447
In base 13, what is 69 - b?
5b
In base 2, what is -110100110101111 + -1?
-110100110110000
In base 7, what is 162 - -46?
241
In base 4, what is 22 - -10?
32
In base 6, what is 3 + -43?
-40
In base 12, what is 1906 - -5?
190b
In base 7, what is -2 - -40?
35
In base 9, what is 0 - 124?
-124
In base 15, what is 258c + -5?
2587
In base 4, what is -220 - 21?
-301
In base 8, what is -5 - -604?
577
In base 12, what is 12 - bb?
-a9
In base 5, what is 10 + -213?
-203
In base 4, what is 31322 - -3?
31331
In base 16, what is 4 + 4d?
51
In base 8, what is -71 + -61?
-152
In base 2, what is -10 - -11000101?
11000011
In base 6, what is 0 - 53?
-53
In base 14, what is 2398 - -2?
239a
In base 16, what is 5 - a13?
-a0e
In base 9, what is -801 + 0?
-801
In base 9, what is 5353 - -4?
5357
In base 5, what is 22043 - -10?
22103
In base 6, what is -40024 - 1?
-40025
In base 9, what is -2701 + 0?
-2701
In base 5, what is -2142 + 223?
-1414
In base 11, what is aa - 37?
73
In base 11, what is 16 + 2?
18
In base 12, what is bb + 5?
104
In base 7, what is 402 + 30?
432
In base 6, what is 4520 - -1?
4521
In base 6, what is -2 + 1154?
1152
In base 4, what is -202 + -223?
-1031
In base 5, what is -4 - 1300?
-1304
In base 10, what is 5 + 209?
214
In base 16, what is 236 + 0?
236
In base 6, what is -3 + 4205?
4202
In base 11, what is 1 + -1231?
-1230
In base 15, what is -4 + c85?
c81
In base 5, what is 10 - -21031?
21041
In base 7, what is 13 - -10?
23
In base 5, what is 240 + 10?
300
In base 12, what is 123 + 4b?
172
In base 3, what is -10211121 + 12?
-10211102
In base 2, what is 1001 - 110100?
-101011
In base 4, what is 1020 + 0?
1020
In base 16, what is 1 + 22c?
22d
In base 2, what is 1 + -11101?
-1110